
-8
Let y(c) = 137*c - 15149. What is y(111)?
58
Let t(z) = 181*z + 10219. What is t(-57)?
-98
Let g(x) = 4*x**3 - 375*x**2 - 107*x + 1221. What is g(94)?
-1
Let n(f) = 59*f + 4838. Calculate n(-82).
0
Let a(j) = j**3 - 9*j**2 + 20*j - 18. Determine a(6).
-6
Let z(m) = -705*m**2 + 5632*m + 68. Give z(8).
4
Let r(z) = z**3 - 27*z**2 + 104*z - 319. What is r(23)?
-43
Let x(b) = -4*b**2 + 15*b - 15. What is x(5)?
-40
Let w(l) = -4*l**3 + 12*l**2 - l - 10. Calculate w(4).
-78
Let d(z) = -3*z**2 - 39*z + 23. Give d(-13).
23
Let a(r) = 34*r + 6. Determine a(-5).
-164
Let l(d) = -2*d**3 - 17*d**2 - 36*d - 106. Calculate l(-7).
-1
Let w(v) = v**3 + 3*v**2 + 12*v - 47. Determine w(-9).
-641
Let q(x) = x**3 - 4*x**2 - 29*x + 71. Give q(7).
15
Let o(u) = 1201*u + 18022. Give o(-15).
7
Let h(u) = -145*u**2 + 2181*u - 140. Determine h(15).
-50
Let n(m) = 17258*m + 86294. Calculate n(-5).
4
Let o(v) = -485*v - 1949. What is o(-4)?
-9
Let w(n) = -2*n**2 - 108*n + 2774. Calculate w(19).
0
Let z(r) = -137*r - 14100. What is z(-103)?
11
Let j(n) = 69*n - 5664. Determine j(82).
-6
Let d(j) = 4*j**2 + 76*j - 735. What is d(-26)?
-7
Let x(k) = -2*k**3 + 16*k**2 - 28*k + 20. Calculate x(6).
-4
Let g(u) = -3*u**2 - 61*u + 2408. What is g(20)?
-12
Let b(x) = 14*x**2 + 41*x - 118. Determine b(5).
437
Let t(b) = -54*b + 8238. What is t(153)?
-24
Let g(t) = t**3 + 12*t**2 + 26*t - 43. Give g(-8).
5
Let a(p) = -5*p + 36. What is a(29)?
-109
Let r(t) = -4*t**2 - t + 65. Calculate r(4).
-3
Let q(r) = r**3 - 273*r**2 + 808*r + 9. Give q(3).
3
Let n(w) = 439*w + 10080. Calculate n(-23).
-17
Let q(i) = -5*i**2 + 153*i - 1016. Calculate q(10).
14
Let g(o) = 52*o - 686. Calculate g(9).
-218
Let s(t) = 2*t**2 + 134*t + 466. What is s(-63)?
-38
Let s(v) = v**3 + 25*v**2 + 66*v + 1530. Determine s(-25).
-120
Let x(y) = y**3 - 95*y**2 - 289*y - 3. Calculate x(-3).
-18
Let m(v) = -3937*v + 153541. Calculate m(39).
-2
Let m(y) = y**3 + 36*y**2 - 4*y - 165. Give m(-36).
-21
Let g(d) = 265*d - 1596. Calculate g(6).
-6
Let k(c) = -c**2 - 48*c - 5. What is k(-49)?
-54
Let r(h) = -27*h - 89. Determine r(-3).
-8
Let s(h) = 24*h + 469. Calculate s(-18).
37
Let i(k) = 5*k**3 + 16*k**2 - 19*k - 37. What is i(-3)?
29
Let c(s) = -179*s**2 + 7*s + 5. Give c(-1).
-181
Let b(y) = -106*y**2 - 29*y - 25. Calculate b(-1).
-102
Let s(u) = -2*u**3 - 5*u**2 - 8*u - 19. What is s(-3)?
14
Let g(b) = 1424*b + 6. Calculate g(0).
6
Let w(x) = x**3 - 11*x**2 - 33*x + 42. Determine w(13).
-49
Let o(j) = -j**2 + 3*j - 12. Calculate o(9).
-66
Let f(u) = -7*u**2 + 461*u + 79. What is f(66)?
13
Let g(y) = 229*y**3 - 3*y**2 - 3*y - 1. What is g(-1)?
-230
Let u(o) = o**3 - 9*o**2 - 18*o + 23. Give u(9).
-139
Let x(j) = j - 37. What is x(-1)?
-38
Let h(w) = 3*w**2 - 118*w + 44. Determine h(39).
5
Let q(o) = 69*o - 47. Give q(2).
91
Let t(q) = 18*q**2 + 27*q - 51. What is t(2)?
75
Let r(c) = -c**2 - 76*c - 1409. Calculate r(-44).
-1
Let y(w) = -w**3 + 3*w**2 - 93*w + 517. Give y(5).
2
Let b(o) = 470*o + 4697. Calculate b(-10).
-3
Let c(z) = -z**3 - 15*z**2 + 12*z + 362. What is c(-14)?
-2
Let a(c) = c**2 + 79*c + 216. Give a(-76).
-12
Let z(u) = -85*u - 8735. Give z(-103).
20
Let t(c) = c**3 + 10*c**2 + 7*c - 53. Determine t(-10).
-123
Let h(d) = -35*d**2 - 39*d - 66. What is h(-2)?
-128
Let i(t) = -2*t**3 + 16*t**2 + 2637*t - 21103. Determine i(8).
-7
Let a(g) = -595*g - 10736. Determine a(-18).
-26
Let x(z) = 141*z - 2033. Determine x(14).
-59
Let m(r) = -r**2 + r - 13. Give m(4).
-25
Let l(b) = 7*b - 59. Calculate l(13).
32
Let j(c) = 20*c**2 - 421*c + 30. Give j(21).
9
Let r(d) = 12*d**2 + 40*d - 4. What is r(-7)?
304
Let h(q) = 98*q + 26467. What is h(-270)?
7
Let p(u) = -124*u - 10282. Calculate p(-83).
10
Let a(u) = 2*u**3 + 2*u**2 - 9*u + 8. Determine a(3).
53
Let y(z) = 1383*z - 6918. Determine y(5).
-3
Let t(c) = -c**3 + 24*c**2 - 32*c - 152. What is t(22)?
112
Let d(v) = -5*v**3 + 22*v**2 + 65*v - 12. Calculate d(-3).
126
Let c(y) = 3*y**3 - 38*y**2 - 6*y - 96. What is c(13)?
-5
Let k(t) = t**3 - 6*t**2 - 13*t + 90. What is k(4)?
6
Let u(j) = 2924*j + 20534. What is u(-7)?
66
Let f(s) = -39*s**2 - 521*s - 176. Give f(-13).
6
Let l(a) = 16*a + 764. Determine l(-51).
-52
Let y(t) = -t**2 + 14*t. Calculate y(17).
-51
Let p(w) = -4*w**3 + 15*w**2 + 8*w - 6. What is p(-1)?
5
Let j(u) = -2*u**3 - 19*u**2 + 7*u - 14. Give j(-10).
16
Let i(u) = -155*u - 28678. Calculate i(-185).
-3
Let f(y) = y**3 - 11*y**2 + 87*y - 255. What is f(5)?
30
Let a(i) = 2*i**3 - 13*i**2 + 14*i + 6. Determine a(2).
-2
Let q(v) = -37*v - 127. Calculate q(-2).
-53
Let n(a) = 127*a**3 - 12*a**2 - 18*a - 7. Determine n(-1).
-128
Let h(n) = n**3 - 34*n**2 + 40*n - 135. Calculate h(33).
96
Let p(g) = 2142*g + 55699. Calculate p(-26).
7
Let z(q) = -q**2 + 38*q - 25. Calculate z(37).
12
Let h(r) = -250*r - 3999. Give h(-16).
1
Let j(y) = -y**2 - 4*y + 387. Determine j(17).
30
Let w(u) = u**3 - 12*u**2 + 17*u - 179. Determine w(12).
25
Let l(f) = -3*f + 199. Determine l(28).
115
Let s(x) = 3*x**2 + 292*x + 661. What is s(-95)?
-4
Let d(j) = j**3 + 74*j**2 + 3*j + 216. Determine d(-74).
-6
Let k(u) = u**2 + 58*u + 435. Calculate k(-40).
-285
Let k(p) = -373*p + 123. Calculate k(2).
-623
Let v(d) = -d**3 - 76*d**2 + 89*d + 925. Calculate v(-77).
1
Let c(g) = -42*g - 8. Determine c(2).
-92
Let z(o) = 16823*o - 84112. Give z(5).
3
Let i(r) = r**3 - 15*r**2 + 10*r + 73. What is i(14)?
17
Let q(s) = -7*s**2 + 28*s - 17. Give q(5).
-52
Let a(t) = -2*t**3 - 12*t**2 - 15*t + 1. What is a(-4)?
-3
Let r(s) = 4*s**3 + 8*s**2 + 3*s - 5. Determine r(2).
65
Let b(s) = -702*s + 2112. What is b(3)?
6
Let h(p) = -p**2 - 82*p + 3247. What is h(29)?
28
Let r(l) = -2*l**3 + 123*l**2 - 23*l - 2311. Determine r(61).
7
Let r(s) = -s**3 - 19*s**2 - 124*s - 362. Calculate r(-11).
34
Let b(l) = 2*l**2 + 59*l - 1360. What is b(15)?
-25
Let j(p) = 168*p + 700. Calculate j(-4).
28
Let o(k) = k**3 + k**2 + 2*k + 29. What is o(0)?
29
Let m(k) = k**3 + 5*k**2 - 19*k - 36. What is m(-7)?
-1
Let j(f) = -6*f**2 + 57*f - 63. Determine j(8).
9
Let v(d) = -412*d + 50674. Give v(123).
-2
Let i(b) = b**3 - 4*b**2 - 42*b - 41. Calculate i(9).
-14
Let t(i) = 7*i**2 + 8*i + 110. Determine t(-7).
397
Let i(c) = -52*c**2 + 309*c + 25. Give i(6).
7
Let r(w) = 2*w**2 - 6*w + 14. What is r(-9)?
230
Let x(i) = 2*i**3 - 40*i**2 + 55*i - 17. Give x(19).
306
Let y(t) = -9*t**2 - 21*t + 70. Calculate y(5).
-260
Let a(l) = -l**3 + 25*l**2 - 32*l - 349. Determine a(23).
-27
Let w(r) = -298*r - 17288. What is w(-58)?
-4
Let a(d) = -d**2 - 1195*d + 2390. Determine a(2).
-4
Let s(f) = -f**3 + 6*f**2 - 7*f - 16. Give s(9).
-322
Let n(c) = -27*c - 27. Determine n(-9).
216
Let h(f) = f**3 + 23*f**2 - 33*f - 1215. Give h(-21).
360
Let r(s) = -s**2 - 60*s - 499. Give r(-10).
1
Let d(h) = h**3 + 8*h**2 - 11*h - 12. Determine d(-9).
6
Let o(b) = -842*b - 42100. Determine o(-50).
0
Let g(i) = -i**3 + 10*i**2 - 19*i + 366. What is g(11)?
36
Let c(t) = 32*t**2 - 100*t + 11. What is c(3)?
-1
Let o(m) = 39*m - 2693. Calculate o(69).
-2
Let v(o) = 47*o + 639. Determine v(-12).
75
Let u(i) = -i**2 + 93*i - 773. What is u(10)?
57
Let q(l) = l**3 - 2*l**2 - 6*l + 204. Calculate q(0).
204
Let z(b) = b**3 - 6*b**2 - 23*b + 78. Determine z(7).
-34
Let w(s) = -s**2 - 825*s + 3291. Determine w(4).
-25
Let i(x) = 603*x - 2600. Give i(4).
-188
Let q(d) = -3*d**2 + 233*d - 383. Give q(76).
-3
Let g(p) = -p**3 - 2*p**2 + 7*p. Give g(-4).
4
Let o(i) = 22*i**2 - 39*i - 43. Determine o(-1).
18
Let h(d) = -37*d + 1108. Determine h(30).
-2
Let f(z) = -513*z - 3073. Give f(-6).
5
Let f(l) = -l**3 - 19*l**2 - 63*l - 22. Determine f(-4).
-10
Let k(x) = -2*x**3 - 110*x**2 + 472*x + 10. Determine k(-59).
10
Let u(n) = -n**3 + 54*n**2 + 719*n + 36. Determine u(-11).
-8
Let i(h) = -h**3 - 5*h**2 + 18*h + 4. Give i(5).
-156
Let f(l) = -28*l - 10. Calculate f(-2).
46
Let m(t) = -t**2 - 28*t + 1209. Determine m(24).
-39
Let z(s) = s**3 - 146*s**2 - 323*s + 4000. Give z(148).
4
Let h(d) = -d**2 + 29*d - 157. Give h(8).
11
Let f(u) = 231*u - 6022. Determine f(26).
-16
Let b(c) = -c**3 + 24*c**2 + 22*c - 1039. Determine b(23).
-4
Let w(l) = l**2 - 92*l + 2105. Calculate w(44).
-7
Let k(b) = -30*b - 1940. Give k(-64).
-20
Let f(j) = j**2 + 9*